{"id":3463,"date":"2018-06-13T17:54:41","date_gmt":"2018-06-13T15:54:41","guid":{"rendered":"https:\/\/www.light-style.eu\/Blog\/?page_id=3463"},"modified":"2018-06-13T17:57:12","modified_gmt":"2018-06-13T15:57:12","slug":"datenschutzerklaerung","status":"publish","type":"page","link":"https:\/\/www.light-style.eu\/Blog\/impressum\/datenschutzerklaerung\/","title":{"rendered":"Datenschutzerkl\u00e4rung"},"content":{"rendered":"<h2>Wer wir sind<\/h2>\n<p>Die Adresse unserer Website ist: https:\/\/www.light-style.eu\/Blog.<\/p>\n<h2>Welche personenbezogenen Daten wir sammeln und warum wir sie sammeln<\/h2>\n<h3>Kommentare<\/h3>\n<p>Wenn Besucher Kommentare auf der Website schreiben, sammeln wir die Daten, die im Kommentar-Formular angezeigt werden, au\u00dferdem die IP-Adresse des Besuchers und den User-Agent-String (damit wird der Browser identifiziert), um die Erkennung von Spam zu unterst\u00fctzen.<\/p>\n<p>Aus Ihrer E-Mail-Adresse kann eine anonymisierte Zeichenfolge erstellt (auch Hash genannt) und dem Gravatar-Dienst \u00fcbergeben werden, um zu pr\u00fcfen, ob Sie diesen benutzt. Die Datenschutzerkl\u00e4rung des Gravatar-Dienstes finden Sie hier: https:\/\/automattic.com\/privacy\/. Nachdem Ihr Kommentar freigegeben wurde, ist Ihr Profilbild \u00f6ffentlich im Kontext Ihres Kommentars sichtbar.<\/p>\n<h3>Medien<\/h3>\n<p>Wenn Sie ein registrierter Benutzer sind und Fotos auf diese Website laden, sollten Sie vermeiden, Fotos mit einem EXIF-GPS-Standort hochzuladen. Besucher dieser Website k\u00f6nnten Fotos, die auf dieser Website gespeichert sind, downloaden und deren Standort-Informationen extrahieren.<\/p>\n<h3>Kontaktformulare<\/h3>\n<h3>Cookies<\/h3>\n<p>Wenn Sie einen Kommentar auf unserer Website schreiben, kann das eine Einwilligung sein, Ihren Namen, E-Mail-Adresse und Website in Cookies zu speichern. Dies ist eine Komfortfunktion, damit Sie nicht, wenn Sie einen weiteren Kommentar schreiben, all diese Daten erneut eingeben m\u00fcssen. Diese Cookies werden ein Jahr lang gespeichert.<\/p>\n<p>Falls Sie ein Konto haben und Sie sich auf dieser Website anmelden, werden wir ein tempor\u00e4res Cookie setzen, um festzustellen, ob Ihr Browser Cookies akzeptiert. Dieses Cookie enth\u00e4lt keine personenbezogenen Daten und wird verworfen, wenn Sie Ihren Browser schlie\u00dfen.<\/p>\n<p>Wenn Sie sich anmelden, werden wir einige Cookies einrichten, um Ihre Anmeldeinformationen und Anzeigeoptionen zu speichern. Anmelde-Cookies verfallen nach zwei Tagen und Cookies f\u00fcr die Anzeigeoptionen nach einem Jahr. Falls Sie bei der Anmeldung \u201eAngemeldet bleiben\u201c ausw\u00e4hlen, wird Ihre Anmeldung zwei Wochen lang aufrechterhalten. Mit der Abmeldung aus Ihrem Konto werden die Anmelde-Cookies gel\u00f6scht.<\/p>\n<p>Wenn Sie einen Artikel bearbeiten oder ver\u00f6ffentlichen, wird ein zus\u00e4tzlicher Cookie in Ihrem Browser gespeichert. Dieser Cookie enth\u00e4lt keine personenbezogenen Daten und verweist nur auf die Beitrags-ID des Artikels, den Sie gerade bearbeitet haben. Der Cookie verf\u00e4llt nach einem Tag.<\/p>\n<h3>Eingebettete Inhalte von anderen Websites<\/h3>\n<p>Beitr\u00e4ge auf dieser Website k\u00f6nnen eingebettete Inhalte beinhalten (z.\u00a0B. Videos, Bilder, Beitr\u00e4ge etc.). Eingebettete Inhalte von anderen Websites verhalten sich exakt so, als ob der Besucher die andere Website besucht h\u00e4tte.<\/p>\n<p>Diese Websites k\u00f6nnen Daten \u00fcber Sie sammeln, Cookies benutzen, zus\u00e4tzliche Tracking-Dienste von Dritten einbetten und Ihre Interaktion mit diesem eingebetteten Inhalt aufzeichnen, inklusive Ihrer Interaktion mit dem eingebetteten Inhalt, falls Sie ein Konto haben und auf dieser Website angemeldet sind.<\/p>\n<h3>Analysedienste<\/h3>\n<h2>Mit wem wir Ihre Daten teilen<\/h2>\n<h2>Wie lange wir deine Daten speichern<\/h2>\n<p>Wenn Sie einen Kommentar schreiben, wird dieser inklusive Metadaten zeitlich unbegrenzt gespeichert. Auf diese Art k\u00f6nnen wir Folgekommentare automatisch erkennen und freigeben, anstelle sie in einer Moderations-Warteschlange festzuhalten.<\/p>\n<p>F\u00fcr Benutzer, die sich auf unserer Website registrieren, speichern wir zus\u00e4tzlich die pers\u00f6nlichen Informationen, die sie in ihren Benutzerprofilen angeben. Alle Benutzer k\u00f6nnen jederzeit ihre pers\u00f6nlichen Informationen einsehen, ver\u00e4ndern oder l\u00f6schen (der Benutzername kann nicht ver\u00e4ndert werden). Administratoren der Website k\u00f6nnen diese Informationen ebenfalls einsehen und ver\u00e4ndern.<\/p>\n<h2>Welche Rechte Sie an Ihren Daten haben<\/h2>\n<p>Wenn Sie ein Konto auf dieser Website besitzen oder Kommentare geschrieben haben, k\u00f6nnen Sie einen Export Ihrer personenbezogenen Daten bei uns anfordern, inklusive aller Daten, die Sie uns mitgeteilt haben. Dar\u00fcber hinaus k\u00f6nnen Sie die L\u00f6schung aller personenbezogenen Daten, die wir von Ihnen gespeichert haben, anfordern. Dies umfasst nicht die Daten, die wir aufgrund administrativer, rechtlicher oder sicherheitsrelevanter Notwendigkeiten aufbewahren m\u00fcssen.<\/p>\n<h2>Wohin wir Ihre Daten senden<\/h2>\n<p>Besucher-Kommentare k\u00f6nnten von einem automatisierten Dienst zur Spam-Erkennung untersucht werden.<\/p>\n<h2>Ihre Kontakt-Informationen<\/h2>\n<h2>Weitere Informationen<\/h2>\n<h3>Wie wir Ihre Daten sch\u00fctzen<\/h3>\n<h3>Welche Ma\u00dfnahmen wir bei Datenschutzverletzungen anbieten<\/h3>\n<h3>Von welchen Drittanbietern wir Daten erhalten<\/h3>\n<h3>Welche automatisierte Entscheidungsfindung und\/oder Profilerstellung wir mit Benutzerdaten durchf\u00fchren<\/h3>\n<h3>Industrielle aufsichtsrechtliche Regulierungsanforderungen<\/h3>\n<div style='text-align:center' class='yasr-auto-insert-visitor'><!--Yasr Visitor Votes Shortcode--><div id='yasr_visitor_votes_6215f9620ef9b' class='yasr-visitor-votes'><div class=\"yasr-custom-text-vv-before yasr-custom-text-vv-before-3463\">Hat es Dir gefallen?<\/div><div id='yasr-vv-second-row-container-6215f9620ef9b'\r\n                                        class='yasr-vv-second-row-container'><div id='yasr-visitor-votes-rater-6215f9620ef9b'\r\n                                      class='yasr-rater-stars-vv'\r\n                                      data-rater-postid='3463'\r\n                                      data-rating='0'\r\n                                      data-rater-starsize='32'\r\n                                      data-rater-readonly='false'\r\n                                      data-rater-nonce='9fec78ec42'\r\n                                      data-issingular='false'\r\n                                    ><\/div><div class=\"yasr-vv-stats-text-container\" id=\"yasr-vv-stats-text-container-6215f9620ef9b\"><span id=\"yasr-vv-text-container-6215f9620ef9b\" class=\"yasr-vv-text-container\">[Total: <span id=\"yasr-vv-votes-number-container-6215f9620ef9b\">0<\/span> Average: <span id=\"yasr-vv-average-container-6215f9620ef9b\">0<\/span>]<\/span><\/div><div id='yasr-vv-loader-6215f9620ef9b' class='yasr-vv-container-loader'><\/div><\/div><div id='yasr-vv-bottom-container-6215f9620ef9b'\r\n                              class='yasr-vv-bottom-container'\r\n                              style='display:none'><\/div><\/div><!--End Yasr Visitor Votes Shortcode--><\/div>","protected":false},"excerpt":{"rendered":"<p>Wer wir sind Die Adresse unserer Website ist: https:\/\/www.light-style.eu\/Blog. Welche personenbezogenen Daten wir sammeln und warum wir sie sammeln Kommentare Wenn Besucher Kommentare auf der Website schreiben, sammeln wir die Daten, die im Kommentar-Formular angezeigt werden, au\u00dferdem die IP-Adresse des Besuchers und den User-Agent-String (damit wird der Browser identifiziert), um die Erkennung von Spam zu<span class=\"post-excerpt-end\">&hellip;<\/span><\/p>\n<p class=\"more-link\"><a href=\"https:\/\/www.light-style.eu\/Blog\/impressum\/datenschutzerklaerung\/\" class=\"themebutton\">Read More<\/a><\/p>\n","protected":false},"author":2,"featured_media":0,"parent":7,"menu_order":0,"comment_status":"closed","ping_status":"closed","template":"","meta":{"yasr_overall_rating":0,"yasr_post_is_review":"","yasr_auto_insert_disabled":"","yasr_review_type":"","footnotes":""},"categories":[],"tags":[],"class_list":["post-3463","page","type-page","status-publish","hentry"],"yasr_visitor_votes":{"stars_attributes":{"read_only":false,"span_bottom":false},"number_of_votes":0,"sum_votes":0},"jetpack_sharing_enabled":true,"jetpack_shortlink":"https:\/\/wp.me\/P4Ojrv-TR","jetpack-related-posts":[{"id":7,"url":"https:\/\/www.light-style.eu\/Blog\/impressum\/","url_meta":{"origin":3463,"position":0},"title":"Impressum","author":"Andi M\u00f6ller","date":"5. Mai 2014","format":false,"excerpt":"Impressum IMPRESSUM Inhaltlich Verantwortlicher Angaben gem\u00e4\u00df \u00a7 5 TMG:Fotostudio Light-Style Andreas M\u00f6ller Jahnstra\u00dfe 7 63517 Rodenbach USt-IdNr.: DE243380881 Tel: (06184) 930505 E-Mail: contact@studio-light-style.de \u00a0 Haftungsausschluss: Haftung f\u00fcr Inhalte Die Inhalte unserer Seiten wurden mit gr\u00f6sster Sorgfalt erstellt. F\u00fcr die Richtigkeit, Vollst\u00e4ndigkeit und Aktualit\u00e4t der Inhalte k\u00f6nnen wir jedoch keine Gew\u00e4hr\u2026","rel":"","context":"\u00c4hnlicher Beitrag","block_context":{"text":"\u00c4hnlicher Beitrag","link":""},"img":{"alt_text":"","src":"","width":0,"height":0},"classes":[]},{"id":6,"url":"https:\/\/www.light-style.eu\/Blog\/meinungen\/","url_meta":{"origin":3463,"position":1},"title":"Unsere Google Bewertungen","author":"Andi M\u00f6ller","date":"5. Mai 2014","format":false,"excerpt":"In Zeiten wo Google & Co unsere Suchen beeinflussen, sind Bewertungen f\u00fcr uns Unternehmer enorm wichtig geworden, denn danach entscheidet Google, ob Ihr den Eintrag sehen wollt oder ob er irrelevant ist. \u00a0 Hier seht Ihr nun immer unsere letzten aktuellen Bewertungen bei Google :-) Bewertungen \/ Rezessionen bei Google\u2026","rel":"","context":"Mit 3 Kommentaren","block_context":{"text":"Mit 3 Kommentaren","link":"https:\/\/www.light-style.eu\/Blog\/meinungen\/#comments"},"img":{"alt_text":"","src":"https:\/\/i0.wp.com\/www.light-style.eu\/Blog\/wp-content\/uploads\/2014\/07\/MG_0135_0541Mehlstaub1.jpg?resize=350%2C200&ssl=1","width":350,"height":200,"srcset":"https:\/\/i0.wp.com\/www.light-style.eu\/Blog\/wp-content\/uploads\/2014\/07\/MG_0135_0541Mehlstaub1.jpg?resize=350%2C200&ssl=1 1x, https:\/\/i0.wp.com\/www.light-style.eu\/Blog\/wp-content\/uploads\/2014\/07\/MG_0135_0541Mehlstaub1.jpg?resize=525%2C300&ssl=1 1.5x, https:\/\/i0.wp.com\/www.light-style.eu\/Blog\/wp-content\/uploads\/2014\/07\/MG_0135_0541Mehlstaub1.jpg?resize=700%2C400&ssl=1 2x"},"classes":[]},{"id":381,"url":"https:\/\/www.light-style.eu\/Blog\/unsere-umfrage\/","url_meta":{"origin":3463,"position":2},"title":"Umfrage \/ Gewinnspiel","author":"Andi M\u00f6ller","date":"24. Juli 2014","format":false,"excerpt":"Beantwortet nur die 2 kleinen Fragen was Euch an unseren Fotoarbeiten interessiert, und Ihr k\u00f6nnt an unserem Gewinnspiel teilnehmen und\u00a0 je einen Fotogutschein in H\u00f6he von 100\u20ac \/ 50\u20ac \/ 25\u20ac gewinnen -\u00a0 f\u00fcr alle Fotoshootings bei uns, au\u00dfer Pa\u00df & Bewerbungsfotos. Endet am 15.9.2014 Ich w\u00fcrde mich sehr freuen\u2026","rel":"","context":"\u00c4hnlicher Beitrag","block_context":{"text":"\u00c4hnlicher Beitrag","link":""},"img":{"alt_text":"Gewinnspiel-Gutschein","src":"https:\/\/i0.wp.com\/www.light-style.eu\/Blog\/wp-content\/uploads\/2014\/07\/Gewinnspiel-Gutschein-300x100.jpg?resize=350%2C200&ssl=1","width":350,"height":200},"classes":[]},{"id":8992,"url":"https:\/\/www.light-style.eu\/Blog\/durchstoebere-unseren-blog-in-ruhe\/","url_meta":{"origin":3463,"position":3},"title":"Durchst\u00f6bere unseren Blog in Ruhe","author":"Andi M\u00f6ller","date":"16. Mai 2025","format":false,"excerpt":"Auf dem Handy sind Fotos ganz nett, aber wirklich Details seht Ihr nur auf dem PC oder mindestens Tablet. Hier hast Du nun die M\u00f6glichkeit gezielt nach den Themen zu suchen, welche Dich interessieren. Viel Spa\u00df und ich freue mich \u00fcber Kommentare :-) Euer Andi","rel":"","context":"\u00c4hnlicher Beitrag","block_context":{"text":"\u00c4hnlicher Beitrag","link":""},"img":{"alt_text":"","src":"https:\/\/i0.wp.com\/www.light-style.eu\/Blog\/wp-content\/uploads\/2021\/12\/Alberto-Fashion-Maennerportraet-2021-53.jpg?resize=350%2C200&ssl=1","width":350,"height":200,"srcset":"https:\/\/i0.wp.com\/www.light-style.eu\/Blog\/wp-content\/uploads\/2021\/12\/Alberto-Fashion-Maennerportraet-2021-53.jpg?resize=350%2C200&ssl=1 1x, https:\/\/i0.wp.com\/www.light-style.eu\/Blog\/wp-content\/uploads\/2021\/12\/Alberto-Fashion-Maennerportraet-2021-53.jpg?resize=525%2C300&ssl=1 1.5x, https:\/\/i0.wp.com\/www.light-style.eu\/Blog\/wp-content\/uploads\/2021\/12\/Alberto-Fashion-Maennerportraet-2021-53.jpg?resize=700%2C400&ssl=1 2x, https:\/\/i0.wp.com\/www.light-style.eu\/Blog\/wp-content\/uploads\/2021\/12\/Alberto-Fashion-Maennerportraet-2021-53.jpg?resize=1050%2C600&ssl=1 3x"},"classes":[]},{"id":8969,"url":"https:\/\/www.light-style.eu\/Blog\/wir-bei-youtube\/","url_meta":{"origin":3463,"position":4},"title":"Wir bei YouTube","author":"Andi M\u00f6ller","date":"15. Mai 2025","format":false,"excerpt":"Willkommen auf dem unserem neuen YouTube-Kanal ! Hier landet alles, was einfach zu schade ist, um nur einmal in einer WhatsApp-Gruppe aufzublitzen \u2013 von epischen 12-Sekunden-Kunstwerken bis zu echten Herzensprojekten wie Hochzeiten oder einem Blick hinter die Kulissen. Was dich erwartet? WhatsApp-Shorts, die gute Laune machen Hochzeitsvideos, bei denen nicht\u2026","rel":"","context":"\u00c4hnlicher Beitrag","block_context":{"text":"\u00c4hnlicher Beitrag","link":""},"img":{"alt_text":"","src":"","width":0,"height":0},"classes":[]},{"id":8947,"url":"https:\/\/www.light-style.eu\/Blog\/unsere-fotoshootings-im-studio\/","url_meta":{"origin":3463,"position":5},"title":"Unsere Fotoshootings im Studio","author":"Andi M\u00f6ller","date":"15. Mai 2025","format":false,"excerpt":"Klicke auf den jeweiligen Titel, um zur entsprechenden Studioseite zu gelangen. Portr\u00e4t Damit wir genau das richtige Foto f\u00fcr Euch schie\u00dfen, nehmen wir uns immer Zeit f\u00fcr ein kleines Gespr\u00e4ch. So k\u00f6nnen wir herausfinden, was f\u00fcr eine Art Portr\u00e4t am besten zu Euch und dem Anlass passt. Vielf\u00e4ltige Portr\u00e4tstile Individuelle\u2026","rel":"","context":"\u00c4hnlicher Beitrag","block_context":{"text":"\u00c4hnlicher Beitrag","link":""},"img":{"alt_text":"","src":"https:\/\/i0.wp.com\/www.light-style.eu\/Blog\/wp-content\/uploads\/2025\/03\/P25S0102-14.jpg?resize=350%2C200&ssl=1","width":350,"height":200,"srcset":"https:\/\/i0.wp.com\/www.light-style.eu\/Blog\/wp-content\/uploads\/2025\/03\/P25S0102-14.jpg?resize=350%2C200&ssl=1 1x, https:\/\/i0.wp.com\/www.light-style.eu\/Blog\/wp-content\/uploads\/2025\/03\/P25S0102-14.jpg?resize=525%2C300&ssl=1 1.5x, https:\/\/i0.wp.com\/www.light-style.eu\/Blog\/wp-content\/uploads\/2025\/03\/P25S0102-14.jpg?resize=700%2C400&ssl=1 2x"},"classes":[]}],"_links":{"self":[{"href":"https:\/\/www.light-style.eu\/Blog\/wp-json\/wp\/v2\/pages\/3463","targetHints":{"allow":["GET"]}}],"collection":[{"href":"https:\/\/www.light-style.eu\/Blog\/wp-json\/wp\/v2\/pages"}],"about":[{"href":"https:\/\/www.light-style.eu\/Blog\/wp-json\/wp\/v2\/types\/page"}],"author":[{"embeddable":true,"href":"https:\/\/www.light-style.eu\/Blog\/wp-json\/wp\/v2\/users\/2"}],"replies":[{"embeddable":true,"href":"https:\/\/www.light-style.eu\/Blog\/wp-json\/wp\/v2\/comments?post=3463"}],"version-history":[{"count":0,"href":"https:\/\/www.light-style.eu\/Blog\/wp-json\/wp\/v2\/pages\/3463\/revisions"}],"up":[{"embeddable":true,"href":"https:\/\/www.light-style.eu\/Blog\/wp-json\/wp\/v2\/pages\/7"}],"wp:attachment":[{"href":"https:\/\/www.light-style.eu\/Blog\/wp-json\/wp\/v2\/media?parent=3463"}],"wp:term":[{"taxonomy":"category","embeddable":true,"href":"https:\/\/www.light-style.eu\/Blog\/wp-json\/wp\/v2\/categories?post=3463"},{"taxonomy":"post_tag","embeddable":true,"href":"https:\/\/www.light-style.eu\/Blog\/wp-json\/wp\/v2\/tags?post=3463"}],"curies":[{"name":"wp","href":"https:\/\/api.w.org\/{rel}","templated":true}]}}