{"id":80666,"date":"2025-01-09T20:01:14","date_gmt":"2025-01-13T11:15:42","guid":{"rendered":"https:\/\/www.light-style.eu\/unser-foto-shop\/mar-apacible-2\/"},"modified":"2025-01-13T12:15:42","modified_gmt":"2025-01-13T11:15:42","slug":"mar-apacible-2","status":"publish","type":"product","link":"https:\/\/www.light-style.eu\/es\/nuestra-tienda-de-fotograf\u00eda\/mar-apacible-2\/","title":{"rendered":"Mar Apacible 2"},"content":{"rendered":"<p>Como sabes, me encanta el mar, est\u00e1 claro, como chico de Hamburgo y ex marine. El mar es mi 2\u00ba hogar en todas sus manifestaciones. Aqu\u00ed, se cre\u00f3 un montaje casi pintoresco con una fuerte exposici\u00f3n prolongada. No siempre es una empresa segura sobre las piedras mojadas \ud83d\ude09 Pero me gusta la interacci\u00f3n del agua blanda que juega alrededor de las rocas duras. Duro y Suave, Jing y Jang, Bien y Mal, por lo que tiene un significado especial. Estas fotos no son algo que se tome en 5 minutos, a menudo una planificaci\u00f3n larga y luego era necesaria una sesi\u00f3n m\u00e1s larga, primero hab\u00eda que encontrar la ubicaci\u00f3n correcta, las mareas correctas, el clima correcto, etc. <\/p>\n","protected":false},"excerpt":{"rendered":"<p>Todos nuestros cuadros en acr\u00edlico y lienzo est\u00e1n firmados a mano por el artista y vienen con un certificado de autenticidad<\/p>\n","protected":false},"featured_media":77011,"template":"","meta":{"advanced_seo_description":"","jetpack_seo_html_title":"","jetpack_seo_noindex":false,"ngg_post_thumbnail":0,"jetpack_publicize_message":"","jetpack_publicize_feature_enabled":true,"jetpack_social_post_already_shared":true,"jetpack_social_options":{"image_generator_settings":{"template":"highway","default_image_id":0,"font":"","enabled":false},"version":2}},"product_brand":[],"product_cat":[2148,2036,2038,2152,2147,2035,2169,2034],"product_tag":[2173,2134,2175,2165,2170,2131],"class_list":{"0":"post-80666","1":"product","2":"type-product","3":"status-publish","4":"has-post-thumbnail","6":"product_cat-atardeceres","7":"product_cat-belleza-de-la-naturaleza","8":"product_cat-espana","9":"product_cat-mar","10":"product_cat-naturaleza","11":"product_cat-nuevos-motivos","12":"product_cat-romantica-es","13":"product_cat-todo","14":"product_tag-agua-blanda","15":"product_tag-decoracion-de-paredes","16":"product_tag-larga-exposicion","17":"product_tag-mar","18":"product_tag-puesta-del-sol-es","19":"product_tag-romanticismo","20":"pa_wandbilder-foto-seda-mate-20x30cm","21":"pa_wandbilder-lienzo-20x30","22":"pa_wandbilder-lienzo-40x60","23":"pa_wandbilder-lienzo-60x90","24":"pa_wandbilder-lienzo-80-x-120-cm","25":"pa_wandbilder-pintura-acrilica-20x30","26":"pa_wandbilder-pintura-acrilica-40x60","27":"pa_wandbilder-pintura-acrilica-60x90","28":"pa_wandbilder-poster-semibrillante-30x45cm","29":"pa_wandbilder-poster-semibrillante-60x90cm","30":"pa_wandbilder-poster-semibrillante-70x105cm","31":"entry","32":"has-media","34":"first","35":"instock","36":"taxable","37":"shipping-taxable","38":"purchasable","39":"product-type-variable"},"jetpack_publicize_connections":[],"jetpack_likes_enabled":true,"jetpack_sharing_enabled":true,"_links":{"self":[{"href":"https:\/\/www.light-style.eu\/es\/wp-json\/wp\/v2\/product\/80666","targetHints":{"allow":["GET"]}}],"collection":[{"href":"https:\/\/www.light-style.eu\/es\/wp-json\/wp\/v2\/product"}],"about":[{"href":"https:\/\/www.light-style.eu\/es\/wp-json\/wp\/v2\/types\/product"}],"wp:featuredmedia":[{"embeddable":true,"href":"https:\/\/www.light-style.eu\/es\/wp-json\/wp\/v2\/media\/77011"}],"wp:attachment":[{"href":"https:\/\/www.light-style.eu\/es\/wp-json\/wp\/v2\/media?parent=80666"}],"wp:term":[{"taxonomy":"product_brand","embeddable":true,"href":"https:\/\/www.light-style.eu\/es\/wp-json\/wp\/v2\/product_brand?post=80666"},{"taxonomy":"product_cat","embeddable":true,"href":"https:\/\/www.light-style.eu\/es\/wp-json\/wp\/v2\/product_cat?post=80666"},{"taxonomy":"product_tag","embeddable":true,"href":"https:\/\/www.light-style.eu\/es\/wp-json\/wp\/v2\/product_tag?post=80666"}],"curies":[{"name":"wp","href":"https:\/\/api.w.org\/{rel}","templated":true}]}}

https://www.light-style.eu/es/nuestra-tienda-de-fotografía/mar-apacible-2/

<p>Como sabes, me encanta el mar, está claro, como chico de Hamburgo y ex marine. El mar es mi 2º hogar en todas sus manifestaciones. Aquí, se creó un montaje casi pintoresco con una fuerte exposición prolongada. No siempre es una empresa segura sobre las piedras mojadas 😉 Pero me gusta la interacción del agua blanda que juega alrededor de las rocas duras. Duro y Suave, Jing y Jang, Bien y Mal, por lo que tiene un significado especial. Estas fotos no son algo que se tome en 5 minutos, a menudo una planificación larga y luego era necesaria una sesión más larga, primero había que encontrar la ubicación correcta, las mareas correctas, el clima correcto, etc. </p>

<p>Todos nuestros cuadros en acrílico y lienzo están firmados a mano por el artista y vienen con un certificado de autenticidad</p>
