{"id":84880,"date":"2022-01-25T15:23:48","date_gmt":"2025-01-13T15:29:23","guid":{"rendered":"https:\/\/www.light-style.eu\/unser-foto-shop\/cafe-por-la-manana-2\/"},"modified":"2025-01-13T16:29:23","modified_gmt":"2025-01-13T15:29:23","slug":"cafe-por-la-manana-2","status":"publish","type":"product","link":"https:\/\/www.light-style.eu\/es\/nuestra-tienda-de-fotograf\u00eda\/cafe-por-la-manana-2\/","title":{"rendered":"Caf\u00e9 por la ma\u00f1ana 2"},"content":{"rendered":"<p>Me encanta el caf\u00e9, en realidad no deber\u00eda tirarse al suelo, l\u00e1stima, pero qu\u00e9 no hago para una foto genial \ud83d\ude09 Aqu\u00ed est\u00e1 una de las tomas de alta velocidad con tecnolog\u00eda especial para poder flashear en el estudio con una velocidad de obturaci\u00f3n extremadamente r\u00e1pida. Alta resoluci\u00f3n, elaboradamente fotografiada y no, como se ve a menudo, grabada como un video 4k y copiada la mejor imagen individual. Por lo tanto, tambi\u00e9n son posibles im\u00e1genes grandes de alta calidad.  <\/p>\n","protected":false},"excerpt":{"rendered":"<p>Todos nuestros cuadros en acr\u00edlico y lienzo est\u00e1n firmados a mano por el artista y vienen con un certificado de autenticidad<\/p>\n","protected":false},"featured_media":84881,"template":"","meta":{"advanced_seo_description":"","jetpack_seo_html_title":"","jetpack_seo_noindex":false,"ngg_post_thumbnail":0,"jetpack_publicize_message":"","jetpack_publicize_feature_enabled":true,"jetpack_social_post_already_shared":true,"jetpack_social_options":{"image_generator_settings":{"template":"highway","default_image_id":0,"font":"","enabled":false},"version":2}},"product_brand":[],"product_cat":[2185,2183,2187,2034],"product_tag":[2207,2251,2134,2250,2249],"class_list":{"0":"post-84880","1":"product","2":"type-product","3":"status-publish","4":"has-post-thumbnail","6":"product_cat-bebidas","7":"product_cat-comida-y-bebida","8":"product_cat-fotografia-de-alta-velocidad","9":"product_cat-todo","10":"product_tag-bebestibles","11":"product_tag-cafe-es","12":"product_tag-decoracion-de-paredes","13":"product_tag-trabajo-de-estudio","14":"product_tag-velocidad","15":"pa_wandbilder-foto-seda-mate-20x30cm","16":"pa_wandbilder-lienzo-20x30","17":"pa_wandbilder-lienzo-40x60","18":"pa_wandbilder-lienzo-60x90","19":"pa_wandbilder-lienzo-80-x-120-cm","20":"pa_wandbilder-pintura-acrilica-20x30","21":"pa_wandbilder-pintura-acrilica-40x60","22":"pa_wandbilder-pintura-acrilica-60x90","23":"pa_wandbilder-poster-acabado-satinado-40x60-cm","24":"pa_wandbilder-poster-semibrillante-30x45cm","25":"pa_wandbilder-poster-semibrillante-60x90cm","26":"pa_wandbilder-poster-semibrillante-70x105cm","27":"entry","28":"has-media","30":"first","31":"instock","32":"taxable","33":"shipping-taxable","34":"purchasable","35":"product-type-variable"},"jetpack_publicize_connections":[],"jetpack_likes_enabled":true,"jetpack_sharing_enabled":true,"_links":{"self":[{"href":"https:\/\/www.light-style.eu\/es\/wp-json\/wp\/v2\/product\/84880","targetHints":{"allow":["GET"]}}],"collection":[{"href":"https:\/\/www.light-style.eu\/es\/wp-json\/wp\/v2\/product"}],"about":[{"href":"https:\/\/www.light-style.eu\/es\/wp-json\/wp\/v2\/types\/product"}],"wp:featuredmedia":[{"embeddable":true,"href":"https:\/\/www.light-style.eu\/es\/wp-json\/wp\/v2\/media\/84881"}],"wp:attachment":[{"href":"https:\/\/www.light-style.eu\/es\/wp-json\/wp\/v2\/media?parent=84880"}],"wp:term":[{"taxonomy":"product_brand","embeddable":true,"href":"https:\/\/www.light-style.eu\/es\/wp-json\/wp\/v2\/product_brand?post=84880"},{"taxonomy":"product_cat","embeddable":true,"href":"https:\/\/www.light-style.eu\/es\/wp-json\/wp\/v2\/product_cat?post=84880"},{"taxonomy":"product_tag","embeddable":true,"href":"https:\/\/www.light-style.eu\/es\/wp-json\/wp\/v2\/product_tag?post=84880"}],"curies":[{"name":"wp","href":"https:\/\/api.w.org\/{rel}","templated":true}]}}

https://www.light-style.eu/es/nuestra-tienda-de-fotografía/cafe-por-la-manana-2/

Café por la mañana 2

<p>Me encanta el café, en realidad no debería tirarse al suelo, lástima, pero qué no hago para una foto genial 😉 Aquí está una de las tomas de alta velocidad con tecnología especial para poder flashear en el estudio con una velocidad de obturación extremadamente rápida. Alta resolución, elaboradamente fotografiada y no, como se ve a menudo, grabada como un video 4k y copiada la mejor imagen individual. Por lo tanto, también son posibles imágenes grandes de alta calidad.  </p>

<p>Todos nuestros cuadros en acrílico y lienzo están firmados a mano por el artista y vienen con un certificado de autenticidad</p>
