{"id":91111,"date":"2018-11-10T17:57:55","date_gmt":"2025-01-14T09:08:24","guid":{"rendered":"https:\/\/www.light-style.eu\/unser-foto-shop\/encuentro-de-coches-clasicos-2018-208\/"},"modified":"2025-01-14T10:08:24","modified_gmt":"2025-01-14T09:08:24","slug":"encuentro-de-coches-clasicos-2018-208","status":"publish","type":"product","link":"https:\/\/www.light-style.eu\/es\/nuestra-tienda-de-fotograf\u00eda\/encuentro-de-coches-clasicos-2018-208\/","title":{"rendered":"Encuentro de Coches Cl\u00e1sicos 2018-208"},"content":{"rendered":"<p>Encuentro de coches cl\u00e1sicos 2018 en Baden-Baden, estuve all\u00ed \ud83d\ude09 Un gran momento con veh\u00edculos fant\u00e1sticos.<\/p>\n<p>&nbsp;<\/p>\n","protected":false},"excerpt":{"rendered":"<p>Todos nuestros cuadros en acr\u00edlico y lienzo est\u00e1n firmados a mano por el artista y vienen con un certificado de autenticidad<\/p>\n","protected":false},"featured_media":78076,"template":"","meta":{"advanced_seo_description":"","jetpack_seo_html_title":"","jetpack_seo_noindex":false,"ngg_post_thumbnail":0,"jetpack_publicize_message":"","jetpack_publicize_feature_enabled":true,"jetpack_social_post_already_shared":true,"jetpack_social_options":{"image_generator_settings":{"template":"highway","default_image_id":0,"font":"","enabled":false},"version":2}},"product_brand":[],"product_cat":[2231,2034],"product_tag":[2321,2284],"class_list":{"0":"post-91111","1":"product","2":"type-product","3":"status-publish","4":"has-post-thumbnail","6":"product_cat-tecnologia","7":"product_cat-todo","8":"product_tag-automoviles","9":"product_tag-tecnologia","10":"pa_wandbilder-foto-seda-mate-20x30cm","11":"pa_wandbilder-lienzo-20x30","12":"pa_wandbilder-lienzo-40x60","13":"pa_wandbilder-lienzo-60x90","14":"pa_wandbilder-lienzo-80-x-120-cm","15":"pa_wandbilder-pintura-acrilica-20x30","16":"pa_wandbilder-pintura-acrilica-40x60","17":"pa_wandbilder-pintura-acrilica-60x90","18":"pa_wandbilder-poster-acabado-satinado-40x60-cm","19":"pa_wandbilder-poster-semibrillante-30x45cm","20":"pa_wandbilder-poster-semibrillante-60x90cm","21":"pa_wandbilder-poster-semibrillante-70x105cm","22":"entry","23":"has-media","25":"first","26":"instock","27":"taxable","28":"shipping-taxable","29":"purchasable","30":"product-type-variable"},"jetpack_publicize_connections":[],"jetpack_likes_enabled":true,"jetpack_sharing_enabled":true,"_links":{"self":[{"href":"https:\/\/www.light-style.eu\/es\/wp-json\/wp\/v2\/product\/91111","targetHints":{"allow":["GET"]}}],"collection":[{"href":"https:\/\/www.light-style.eu\/es\/wp-json\/wp\/v2\/product"}],"about":[{"href":"https:\/\/www.light-style.eu\/es\/wp-json\/wp\/v2\/types\/product"}],"wp:featuredmedia":[{"embeddable":true,"href":"https:\/\/www.light-style.eu\/es\/wp-json\/wp\/v2\/media\/78076"}],"wp:attachment":[{"href":"https:\/\/www.light-style.eu\/es\/wp-json\/wp\/v2\/media?parent=91111"}],"wp:term":[{"taxonomy":"product_brand","embeddable":true,"href":"https:\/\/www.light-style.eu\/es\/wp-json\/wp\/v2\/product_brand?post=91111"},{"taxonomy":"product_cat","embeddable":true,"href":"https:\/\/www.light-style.eu\/es\/wp-json\/wp\/v2\/product_cat?post=91111"},{"taxonomy":"product_tag","embeddable":true,"href":"https:\/\/www.light-style.eu\/es\/wp-json\/wp\/v2\/product_tag?post=91111"}],"curies":[{"name":"wp","href":"https:\/\/api.w.org\/{rel}","templated":true}]}}

https://www.light-style.eu/es/nuestra-tienda-de-fotografía/encuentro-de-coches-clasicos-2018-208/

Encuentro de Coches Clásicos 2018-208

<p>Encuentro de coches clásicos 2018 en Baden-Baden, estuve allí 😉 Un gran momento con vehículos fantásticos.</p>
<p>&nbsp;</p>

<p>Todos nuestros cuadros en acrílico y lienzo están firmados a mano por el artista y vienen con un certificado de autenticidad</p>
