{"id":68158,"date":"2022-11-22T10:19:03","date_gmt":"2023-02-14T10:58:29","guid":{"rendered":"https:\/\/www.light-style.eu\/unser-foto-shop\/la-lumiere-dans-la-tempete\/"},"modified":"2025-01-13T15:56:47","modified_gmt":"2025-01-13T14:56:47","slug":"lumiere-dans-la-tempete-3","status":"publish","type":"product","link":"https:\/\/www.light-style.eu\/fr\/notre-boutique-photo\/lumiere-dans-la-tempete-3\/","title":{"rendered":"La lumi\u00e8re dans la temp\u00eate"},"content":{"rendered":"<p>Un motif expressif o\u00f9 beaucoup de choses peuvent \u00eatre interpr\u00e9t\u00e9es. Selon votre point de vue, quelque chose de positif ou quelque chose de dramatique. Certainement polarisant. Lors de mon vernissage, l\u2019un des motifs les plus discut\u00e9s. Une image qui fait r\u00e9fl\u00e9chir. Et loin de ma l\u00e9g\u00e8ret\u00e9 habituelle. Ce que j\u2019ai pens\u00e9 de l\u2019image, je le laisse \u00e0 votre imagination.  <\/p>\n","protected":false},"excerpt":{"rendered":"<p>Tous nos tableaux acryliques et sur toile sont sign\u00e9s \u00e0 la main par l\u2019artiste et sont accompagn\u00e9s d\u2019un certificat d\u2019authenticit\u00e9<\/p>\n","protected":false},"featured_media":65729,"template":"","meta":{"advanced_seo_description":"","jetpack_seo_html_title":"","jetpack_seo_noindex":false,"ngg_post_thumbnail":0,"jetpack_publicize_message":"","jetpack_publicize_feature_enabled":true,"jetpack_social_post_already_shared":true,"jetpack_social_options":{"image_generator_settings":{"template":"highway","default_image_id":0,"font":"","enabled":false},"version":2}},"product_brand":[],"product_cat":[1658,1653,1648,1660,1628,1630],"product_tag":[1698,1701,1687,1699,1700,1702,1703],"class_list":{"0":"post-68158","1":"product","2":"type-product","3":"status-publish","4":"has-post-thumbnail","6":"product_cat-mer","7":"product_cat-personnages-de-contes-de-fees","8":"product_cat-personnes","9":"product_cat-plage","10":"product_cat-tout","11":"product_cat-bouts","12":"product_tag-amour","13":"product_tag-art-dramatique","14":"product_tag-decoration-murale","15":"product_tag-lamour-est-tout-ce-dont-vous-avez-besoin","16":"product_tag-sentiments","17":"product_tag-tristesse","18":"product_tag-vie","19":"pa_wandbilder-peinture-acrylique-20x30","20":"pa_wandbilder-peinture-acrylique-40x60","21":"pa_wandbilder-peinture-acrylique-60x90","22":"pa_wandbilder-photo-soie-mate-20x30cm","23":"pa_wandbilder-poster-satine-mat-30x45cm","24":"pa_wandbilder-poster-satine-mat-60x90cm","25":"pa_wandbilder-poster-semi-brillant-70x105cm","26":"pa_wandbilder-toile-20x30","27":"pa_wandbilder-toile-40x60","28":"pa_wandbilder-toile-60x90","29":"pa_wandbilder-toile-80-x-120-cm","30":"entry","31":"has-media","33":"first","34":"instock","35":"taxable","36":"shipping-taxable","37":"purchasable","38":"product-type-variable"},"jetpack_publicize_connections":[],"jetpack_likes_enabled":true,"jetpack_sharing_enabled":true,"_links":{"self":[{"href":"https:\/\/www.light-style.eu\/fr\/wp-json\/wp\/v2\/product\/68158","targetHints":{"allow":["GET"]}}],"collection":[{"href":"https:\/\/www.light-style.eu\/fr\/wp-json\/wp\/v2\/product"}],"about":[{"href":"https:\/\/www.light-style.eu\/fr\/wp-json\/wp\/v2\/types\/product"}],"wp:featuredmedia":[{"embeddable":true,"href":"https:\/\/www.light-style.eu\/fr\/wp-json\/wp\/v2\/media\/65729"}],"wp:attachment":[{"href":"https:\/\/www.light-style.eu\/fr\/wp-json\/wp\/v2\/media?parent=68158"}],"wp:term":[{"taxonomy":"product_brand","embeddable":true,"href":"https:\/\/www.light-style.eu\/fr\/wp-json\/wp\/v2\/product_brand?post=68158"},{"taxonomy":"product_cat","embeddable":true,"href":"https:\/\/www.light-style.eu\/fr\/wp-json\/wp\/v2\/product_cat?post=68158"},{"taxonomy":"product_tag","embeddable":true,"href":"https:\/\/www.light-style.eu\/fr\/wp-json\/wp\/v2\/product_tag?post=68158"}],"curies":[{"name":"wp","href":"https:\/\/api.w.org\/{rel}","templated":true}]}}

La lumière dans la tempête

<p>Un motif expressif où beaucoup de choses peuvent être interprétées. Selon votre point de vue, quelque chose de positif ou quelque chose de dramatique. Certainement polarisant. Lors de mon vernissage, l’un des motifs les plus discutés. Une image qui fait réfléchir. Et loin de ma légèreté habituelle. Ce que j’ai pensé de l’image, je le laisse à votre imagination.  </p>

<p>Tous nos tableaux acryliques et sur toile sont signés à la main par l’artiste et sont accompagnés d’un certificat d’authenticité</p>
