{"id":70087,"date":"2021-10-25T18:12:36","date_gmt":"2023-02-15T16:31:47","guid":{"rendered":"https:\/\/www.light-style.eu\/unser-foto-shop\/coucher-de-soleil-africain\/"},"modified":"2025-01-13T16:29:17","modified_gmt":"2025-01-13T15:29:17","slug":"coucher-de-soleil-africain","status":"publish","type":"product","link":"https:\/\/www.light-style.eu\/fr\/notre-boutique-photo\/coucher-de-soleil-africain\/","title":{"rendered":"Coucher de soleil africain"},"content":{"rendered":"<p>frais import\u00e9s du parc national Kruger \ud83d\ude09 Voici la version g\u00e9niale pour votre mur, garantie en grand format de l\u2019eye-catcher!<\/p>\n<p>Il \u00e9tait presque impossible de se rapprocher de la nature sauvage. Il a dit qu\u2019il \u00e9tait temps pour nous de dispara\u00eetre \ud83d\ude09<\/p>\n<p>Le roi officiel des animaux est le lion, mais le vrai patron dans la nature est l\u2019\u00e9l\u00e9phant, m\u00eame le lion fait de la place au point d\u2019eau. Lui-m\u00eame a observ\u00e9 comment le grand patron a cr\u00e9\u00e9 de l\u2019espace pour sa famille au point d\u2019eau.<\/p>\n<p>Ce fut notre derni\u00e8re impression du parc national Kruger. \u2013 Pas une mauvaise derni\u00e8re impression \ud83d\ude09<\/p>\n","protected":false},"excerpt":{"rendered":"<p>Tous nos tableaux acryliques et sur toile sont sign\u00e9s \u00e0 la main par l\u2019artiste et sont accompagn\u00e9s d\u2019un certificat d\u2019authenticit\u00e9<\/p>\n","protected":false},"featured_media":67947,"template":"","meta":{"advanced_seo_description":"","jetpack_seo_html_title":"","jetpack_seo_noindex":false,"ngg_post_thumbnail":0,"jetpack_publicize_message":"","jetpack_publicize_feature_enabled":true,"jetpack_social_post_already_shared":true,"jetpack_social_options":{"image_generator_settings":{"template":"highway","default_image_id":0,"font":"","enabled":false},"version":2}},"product_brand":[],"product_cat":[1641,1661,1668,1639,1658,1655,1660,1628],"product_tag":[1762,1733,1718,1723,1687,1713,1694,1834],"class_list":{"0":"post-70087","1":"product","2":"type-product","3":"status-publish","4":"has-post-thumbnail","6":"product_cat-afrique","7":"product_cat-animaux","8":"product_cat-couchers-de-soleil","9":"product_cat-des-pays","10":"product_cat-mer","11":"product_cat-nature-fr","12":"product_cat-plage","13":"product_cat-tout","14":"product_tag-afrique","15":"product_tag-animaux","16":"product_tag-coucher-de-soleil","17":"product_tag-coucher-de-soleil-fr","18":"product_tag-decoration-murale","19":"product_tag-nature-fr","20":"product_tag-pays","21":"product_tag-region-sauvage","22":"pa_wandbilder-affiche-semi-brillante-40x60-cm","23":"pa_wandbilder-peinture-acrylique-20x30","24":"pa_wandbilder-peinture-acrylique-40x60","25":"pa_wandbilder-peinture-acrylique-60x90","26":"pa_wandbilder-photo-soie-mate-20x30cm","27":"pa_wandbilder-poster-satine-mat-30x45cm","28":"pa_wandbilder-poster-satine-mat-60x90cm","29":"pa_wandbilder-poster-semi-brillant-70x105cm","30":"pa_wandbilder-toile-20x30","31":"pa_wandbilder-toile-40x60","32":"pa_wandbilder-toile-60x90","33":"pa_wandbilder-toile-80-x-120-cm","34":"entry","35":"has-media","37":"first","38":"instock","39":"taxable","40":"shipping-taxable","41":"purchasable","42":"product-type-variable"},"jetpack_publicize_connections":[],"jetpack_likes_enabled":true,"jetpack_sharing_enabled":true,"_links":{"self":[{"href":"https:\/\/www.light-style.eu\/fr\/wp-json\/wp\/v2\/product\/70087","targetHints":{"allow":["GET"]}}],"collection":[{"href":"https:\/\/www.light-style.eu\/fr\/wp-json\/wp\/v2\/product"}],"about":[{"href":"https:\/\/www.light-style.eu\/fr\/wp-json\/wp\/v2\/types\/product"}],"wp:featuredmedia":[{"embeddable":true,"href":"https:\/\/www.light-style.eu\/fr\/wp-json\/wp\/v2\/media\/67947"}],"wp:attachment":[{"href":"https:\/\/www.light-style.eu\/fr\/wp-json\/wp\/v2\/media?parent=70087"}],"wp:term":[{"taxonomy":"product_brand","embeddable":true,"href":"https:\/\/www.light-style.eu\/fr\/wp-json\/wp\/v2\/product_brand?post=70087"},{"taxonomy":"product_cat","embeddable":true,"href":"https:\/\/www.light-style.eu\/fr\/wp-json\/wp\/v2\/product_cat?post=70087"},{"taxonomy":"product_tag","embeddable":true,"href":"https:\/\/www.light-style.eu\/fr\/wp-json\/wp\/v2\/product_tag?post=70087"}],"curies":[{"name":"wp","href":"https:\/\/api.w.org\/{rel}","templated":true}]}}

<p>frais importés du parc national Kruger 😉 Voici la version géniale pour votre mur, garantie en grand format de l’eye-catcher!</p>
<p>Il était presque impossible de se rapprocher de la nature sauvage. Il a dit qu’il était temps pour nous de disparaître 😉</p>
<p>Le roi officiel des animaux est le lion, mais le vrai patron dans la nature est l’éléphant, même le lion fait de la place au point d’eau. Lui-même a observé comment le grand patron a créé de l’espace pour sa famille au point d’eau.</p>
<p>Ce fut notre dernière impression du parc national Kruger. – Pas une mauvaise dernière impression 😉</p>

<p>Tous nos tableaux acryliques et sur toile sont signés à la main par l’artiste et sont accompagnés d’un certificat d’authenticité</p>
