{"id":71236,"date":"2018-11-11T20:40:05","date_gmt":"2023-02-16T09:55:35","guid":{"rendered":"https:\/\/www.light-style.eu\/unser-foto-shop\/semaine-de-kiel-2015-647\/"},"modified":"2025-01-13T17:51:40","modified_gmt":"2025-01-13T16:51:40","slug":"semaine-de-kiel-2015-647","status":"publish","type":"product","link":"https:\/\/www.light-style.eu\/fr\/notre-boutique-photo\/semaine-de-kiel-2015-647\/","title":{"rendered":"Semaine de Kiel-2015-647"},"content":{"rendered":"<p>En tant que Fischkopp &amp; Krabbenpuhler, ce que je suis, la Kieler Woche est bien s\u00fbr aussi un must. Une \u00e9poque r\u00e9volue avec ses vieux trois-ou quatre ma\u00eetres, \u00e7a fait battre mon c\u0153ur<\/p>\n<p>&nbsp;<\/p>\n","protected":false},"excerpt":{"rendered":"<p>Tous nos tableaux acryliques et sur toile sont sign\u00e9s \u00e0 la main par l\u2019artiste et sont accompagn\u00e9s d\u2019un certificat d\u2019authenticit\u00e9<\/p>\n","protected":false},"featured_media":66970,"template":"","meta":{"advanced_seo_description":"","jetpack_seo_html_title":"","jetpack_seo_noindex":false,"ngg_post_thumbnail":0,"jetpack_publicize_message":"","jetpack_publicize_feature_enabled":true,"jetpack_social_post_already_shared":true,"jetpack_social_options":{"image_generator_settings":{"template":"highway","default_image_id":0,"font":"","enabled":false},"version":2}},"product_brand":[],"product_cat":[1640,1639,1658,1655,1666,1669,1628],"product_tag":[1696,1775,1695,1714,1715,1713,1694],"class_list":{"0":"post-71236","1":"product","2":"type-product","3":"status-publish","4":"has-post-thumbnail","6":"product_cat-allemagne","7":"product_cat-des-pays","8":"product_cat-mer","9":"product_cat-nature-fr","10":"product_cat-romance-maritime","11":"product_cat-technologie","12":"product_cat-tout","13":"product_tag-allemagne","14":"product_tag-cote-allemande","15":"product_tag-europe-fr","16":"product_tag-livraison","17":"product_tag-mer-du-nord","18":"product_tag-nature-fr","19":"product_tag-pays","20":"pa_wandbilder-affiche-semi-brillante-40x60-cm","21":"pa_wandbilder-peinture-acrylique-20x30","22":"pa_wandbilder-peinture-acrylique-40x60","23":"pa_wandbilder-peinture-acrylique-60x90","24":"pa_wandbilder-photo-soie-mate-20x30cm","25":"pa_wandbilder-poster-satine-mat-30x45cm","26":"pa_wandbilder-poster-satine-mat-60x90cm","27":"pa_wandbilder-poster-semi-brillant-70x105cm","28":"pa_wandbilder-toile-20x30","29":"pa_wandbilder-toile-40x60","30":"pa_wandbilder-toile-60x90","31":"pa_wandbilder-toile-80-x-120-cm","32":"entry","33":"has-media","35":"first","36":"instock","37":"taxable","38":"shipping-taxable","39":"purchasable","40":"product-type-variable"},"jetpack_publicize_connections":[],"jetpack_likes_enabled":true,"jetpack_sharing_enabled":true,"_links":{"self":[{"href":"https:\/\/www.light-style.eu\/fr\/wp-json\/wp\/v2\/product\/71236","targetHints":{"allow":["GET"]}}],"collection":[{"href":"https:\/\/www.light-style.eu\/fr\/wp-json\/wp\/v2\/product"}],"about":[{"href":"https:\/\/www.light-style.eu\/fr\/wp-json\/wp\/v2\/types\/product"}],"wp:featuredmedia":[{"embeddable":true,"href":"https:\/\/www.light-style.eu\/fr\/wp-json\/wp\/v2\/media\/66970"}],"wp:attachment":[{"href":"https:\/\/www.light-style.eu\/fr\/wp-json\/wp\/v2\/media?parent=71236"}],"wp:term":[{"taxonomy":"product_brand","embeddable":true,"href":"https:\/\/www.light-style.eu\/fr\/wp-json\/wp\/v2\/product_brand?post=71236"},{"taxonomy":"product_cat","embeddable":true,"href":"https:\/\/www.light-style.eu\/fr\/wp-json\/wp\/v2\/product_cat?post=71236"},{"taxonomy":"product_tag","embeddable":true,"href":"https:\/\/www.light-style.eu\/fr\/wp-json\/wp\/v2\/product_tag?post=71236"}],"curies":[{"name":"wp","href":"https:\/\/api.w.org\/{rel}","templated":true}]}}

<p>En tant que Fischkopp &amp; Krabbenpuhler, ce que je suis, la Kieler Woche est bien sûr aussi un must. Une époque révolue avec ses vieux trois-ou quatre maîtres, ça fait battre mon cœur</p>
<p>&nbsp;</p>

<p>Tous nos tableaux acryliques et sur toile sont signés à la main par l’artiste et sont accompagnés d’un certificat d’authenticité</p>
