{"id":77208,"date":"2025-01-09T20:24:28","date_gmt":"2025-01-09T19:26:10","guid":{"rendered":"https:\/\/www.light-style.eu\/unser-foto-shop\/mer-douce-3\/"},"modified":"2025-01-13T15:46:05","modified_gmt":"2025-01-13T14:46:05","slug":"mer-douce-3","status":"publish","type":"product","link":"https:\/\/www.light-style.eu\/fr\/notre-boutique-photo\/mer-douce-3\/","title":{"rendered":"Mer douce 3"},"content":{"rendered":"<p>Comme vous le savez, j\u2019adore la mer, c\u2019est clair, en tant que gar\u00e7on de Hambourg et ancien marine.<br \/>\nLa mer est ma 2\u00e8me maison dans toutes ses manifestations.<br \/>\nIci, un montage presque pittoresque a \u00e9t\u00e9 cr\u00e9\u00e9 avec une forte exposition longue.<br \/>\nPas toujours une entreprise s\u00fbre sur les pierres mouill\u00e9es \ud83d\ude09<br \/>\nMais j\u2019aime l\u2019interaction de l\u2019eau douce qui joue autour des rochers durs.<br \/>\nDur et doux, Jing et Jang, bien et mal, cela a donc une signification particuli\u00e8re.<br \/>\nCes photos ne sont pas quelque chose qui se prend en 5 minutes, souvent une longue planification puis une prise de vue plus longue \u00e9tait n\u00e9cessaire, il fallait d\u2019abord trouver le bon endroit, les bonnes mar\u00e9es, le bon temps, etc. <\/p>\n","protected":false},"excerpt":{"rendered":"<p>Toutes nos peintures acryliques &amp; toiles sont sign\u00e9es par l\u2019artiste et sont accompagn\u00e9es d\u2019un certificat d\u2019authenticit\u00e9<\/p>\n","protected":false},"featured_media":77019,"template":"","meta":{"advanced_seo_description":"","jetpack_seo_html_title":"","jetpack_seo_noindex":false,"ngg_post_thumbnail":0,"jetpack_publicize_message":"","jetpack_publicize_feature_enabled":true,"jetpack_social_post_already_shared":true,"jetpack_social_options":{"image_generator_settings":{"template":"highway","default_image_id":0,"font":"","enabled":false},"version":2}},"product_brand":[],"product_cat":[1656,1668,1960,1658,1655,1663,1664,1628],"product_tag":[1718,1687,1964,1965,1720,1704],"class_list":{"0":"post-77208","1":"product","2":"type-product","3":"status-publish","4":"has-post-thumbnail","6":"product_cat-beaute-de-la-nature","7":"product_cat-couchers-de-soleil","8":"product_cat-espagne","9":"product_cat-mer","10":"product_cat-nature-fr","11":"product_cat-nouveaux-motifs","12":"product_cat-romantique","13":"product_cat-tout","14":"product_tag-coucher-de-soleil","15":"product_tag-decoration-murale","16":"product_tag-eau-douce","17":"product_tag-exposition-longue","18":"product_tag-mer","19":"product_tag-romantisme","20":"pa_wandbilder-peinture-acrylique-20x30","21":"pa_wandbilder-peinture-acrylique-40x60","22":"pa_wandbilder-peinture-acrylique-60x90","23":"pa_wandbilder-photo-soie-mate-20x30cm","24":"pa_wandbilder-poster-satine-mat-30x45cm","25":"pa_wandbilder-poster-satine-mat-60x90cm","26":"pa_wandbilder-poster-semi-brillant-70x105cm","27":"pa_wandbilder-toile-20x30","28":"pa_wandbilder-toile-40x60","29":"pa_wandbilder-toile-60x90","30":"pa_wandbilder-toile-80-x-120-cm","31":"entry","32":"has-media","34":"first","35":"instock","36":"taxable","37":"shipping-taxable","38":"purchasable","39":"product-type-variable"},"jetpack_publicize_connections":[],"jetpack_likes_enabled":true,"jetpack_sharing_enabled":true,"_links":{"self":[{"href":"https:\/\/www.light-style.eu\/fr\/wp-json\/wp\/v2\/product\/77208","targetHints":{"allow":["GET"]}}],"collection":[{"href":"https:\/\/www.light-style.eu\/fr\/wp-json\/wp\/v2\/product"}],"about":[{"href":"https:\/\/www.light-style.eu\/fr\/wp-json\/wp\/v2\/types\/product"}],"wp:featuredmedia":[{"embeddable":true,"href":"https:\/\/www.light-style.eu\/fr\/wp-json\/wp\/v2\/media\/77019"}],"wp:attachment":[{"href":"https:\/\/www.light-style.eu\/fr\/wp-json\/wp\/v2\/media?parent=77208"}],"wp:term":[{"taxonomy":"product_brand","embeddable":true,"href":"https:\/\/www.light-style.eu\/fr\/wp-json\/wp\/v2\/product_brand?post=77208"},{"taxonomy":"product_cat","embeddable":true,"href":"https:\/\/www.light-style.eu\/fr\/wp-json\/wp\/v2\/product_cat?post=77208"},{"taxonomy":"product_tag","embeddable":true,"href":"https:\/\/www.light-style.eu\/fr\/wp-json\/wp\/v2\/product_tag?post=77208"}],"curies":[{"name":"wp","href":"https:\/\/api.w.org\/{rel}","templated":true}]}}

<p>Comme vous le savez, j’adore la mer, c’est clair, en tant que garçon de Hambourg et ancien marine.<br />
La mer est ma 2ème maison dans toutes ses manifestations.<br />
Ici, un montage presque pittoresque a été créé avec une forte exposition longue.<br />
Pas toujours une entreprise sûre sur les pierres mouillées 😉<br />
Mais j’aime l’interaction de l’eau douce qui joue autour des rochers durs.<br />
Dur et doux, Jing et Jang, bien et mal, cela a donc une signification particulière.<br />
Ces photos ne sont pas quelque chose qui se prend en 5 minutes, souvent une longue planification puis une prise de vue plus longue était nécessaire, il fallait d’abord trouver le bon endroit, les bonnes marées, le bon temps, etc. </p>

<p>Toutes nos peintures acryliques &amp; toiles sont signées par l’artiste et sont accompagnées d’un certificat d’authenticité</p>
